{"id":27,"date":"2018-03-30T11:31:42","date_gmt":"2018-03-30T11:31:42","guid":{"rendered":"https:\/\/tk-gedersdorf.at\/?page_id=27"},"modified":"2018-03-30T11:49:18","modified_gmt":"2018-03-30T11:49:18","slug":"ab-1990","status":"publish","type":"page","link":"https:\/\/tk-gedersdorf.at\/index.php\/geschichte\/ab-1990\/","title":{"rendered":"Ab 1990"},"content":{"rendered":"<p><strong>1991<\/strong>\u00a0\u00dcbernahm Thomas Neureuter das Amt des Kapellmeisters von seinem Bruder Karl, der sich nun auf die Funktion des Stabf\u00fchrers konzentrierte.<\/p>\n<p><strong>1992<\/strong>\u00a0gew\u00e4hren Herr B\u00fcrgermeister Hauser und sein Gemeinderat eine Subvention f\u00fcr den Ankauf von einheitlichen M\u00e4nteln f\u00fcr die Begr\u00e4bnisse, f\u00fcr die wir ganz besonders dankbar sind, weil sie uns besonders im Winter vor bitterer K\u00e4lte und vor Regen sch\u00fctzen.<\/p>\n<p><strong>1993<\/strong>\u00a0fand das erste Weihnachtskonzert statt. Die eingenommenen Spenden der Bev\u00f6lkerung wurden f\u00fcr die Installation der neuen Heizung in der Kirche in Gedersdorf gespendet.<\/p>\n<p><strong>1994<\/strong>\u00a0traten zwei Gruppen der Musikkapelle das erste Mal zum Kammermusikwettbewerb an und erreichten gleich auf Anhieb einen sehr guten Erfolg.<\/p>\n<p><strong>1995<\/strong>\u00a0schaffte die Trachtenkapelle das dritte Mal in ununterbrochener Reihenfolge einen Ausgezeichneten Erfolg beim Konzertwertungsspiel. Kapellmeister Thomas Neureuter erhielt f\u00fcr diese Leistung vom N\u00d6 Blasmusikverband die bronzene Dirigentennadel\u00a0verliehen.<\/p>\n<p><strong>1996<\/strong>\u00a0\u00fcbergab Obmann Herbert Apfelthaler die F\u00fchrung des Vereins an Franz Kitzler und Obmannstellvertreter Franz Lechner jun. und Kassier Reinhard Dingl.<\/p>\n<p><strong>1999<\/strong>\u00a0war dann die Funktion\u00e4rst\u00e4tigkeit von Herrn Kitzler Franz beendet und ein neuer Obmann musste gefunden werden. Nach langem \u00fcberlegen konnte man Michael R\u00fcckenbaum dazu bewegen, die F\u00fchrung der Trachtenkapelle zu \u00fcbernehmen. Mit ihm \u00fcbernahm Adolf Donabaum jun. die T\u00e4tigkeit des Obmannstellvertreters.<\/p>\n<p>In diesem Jahr feierte die Trachtenkapelle ihr 30j\u00e4hriges Bestehen, welches im Mai mit einem vielumjubelten Jubil\u00e4umskonzert als ersten H\u00f6hepunkt begangen wurde. Bei diesem Konzert wurde Herbert Apfelthaler zum Ehrenobmann und Karl Lechner und Franz Schachinger zu Ehrenmusikern der TK Gedersdorf ernannt. Im September fand das eigentliche Jubil\u00e4umsfest mit einer Marschmusikbewertung statt. Dabei konnte der Verein im Heimatort einen Ausgezeichneten Erfolg erzielen.<\/p>\n","protected":false},"excerpt":{"rendered":"<p>1991\u00a0\u00dcbernahm Thomas Neureuter das Amt des Kapellmeisters von seinem Bruder Karl, der sich nun auf die Funktion des Stabf\u00fchrers konzentrierte. 1992\u00a0gew\u00e4hren Herr B\u00fcrgermeister Hauser und sein Gemeinderat eine Subvention f\u00fcr [&hellip;]<\/p>\n","protected":false},"author":1,"featured_media":0,"parent":21,"menu_order":0,"comment_status":"closed","ping_status":"closed","template":"","meta":{"ngg_post_thumbnail":0,"footnotes":""},"class_list":["post-27","page","type-page","status-publish","hentry"],"_links":{"self":[{"href":"https:\/\/tk-gedersdorf.at\/index.php\/wp-json\/wp\/v2\/pages\/27","targetHints":{"allow":["GET"]}}],"collection":[{"href":"https:\/\/tk-gedersdorf.at\/index.php\/wp-json\/wp\/v2\/pages"}],"about":[{"href":"https:\/\/tk-gedersdorf.at\/index.php\/wp-json\/wp\/v2\/types\/page"}],"author":[{"embeddable":true,"href":"https:\/\/tk-gedersdorf.at\/index.php\/wp-json\/wp\/v2\/users\/1"}],"replies":[{"embeddable":true,"href":"https:\/\/tk-gedersdorf.at\/index.php\/wp-json\/wp\/v2\/comments?post=27"}],"version-history":[{"count":2,"href":"https:\/\/tk-gedersdorf.at\/index.php\/wp-json\/wp\/v2\/pages\/27\/revisions"}],"predecessor-version":[{"id":48,"href":"https:\/\/tk-gedersdorf.at\/index.php\/wp-json\/wp\/v2\/pages\/27\/revisions\/48"}],"up":[{"embeddable":true,"href":"https:\/\/tk-gedersdorf.at\/index.php\/wp-json\/wp\/v2\/pages\/21"}],"wp:attachment":[{"href":"https:\/\/tk-gedersdorf.at\/index.php\/wp-json\/wp\/v2\/media?parent=27"}],"curies":[{"name":"wp","href":"https:\/\/api.w.org\/{rel}","templated":true}]}}

<p><strong>1991</strong> Übernahm Thomas Neureuter das Amt des Kapellmeisters von seinem Bruder Karl, der sich nun auf die Funktion des Stabführers konzentrierte.</p>
<p><strong>1992</strong> gewähren Herr Bürgermeister Hauser und sein Gemeinderat eine Subvention für den Ankauf von einheitlichen Mänteln für die Begräbnisse, für die wir ganz besonders dankbar sind, weil sie uns besonders im Winter vor bitterer Kälte und vor Regen schützen.</p>
<p><strong>1993</strong> fand das erste Weihnachtskonzert statt. Die eingenommenen Spenden der Bevölkerung wurden für die Installation der neuen Heizung in der Kirche in Gedersdorf gespendet.</p>
<p><strong>1994</strong> traten zwei Gruppen der Musikkapelle das erste Mal zum Kammermusikwettbewerb an und erreichten gleich auf Anhieb einen sehr guten Erfolg.</p>
<p><strong>1995</strong> schaffte die Trachtenkapelle das dritte Mal in ununterbrochener Reihenfolge einen Ausgezeichneten Erfolg beim Konzertwertungsspiel. Kapellmeister Thomas Neureuter erhielt für diese Leistung vom NÖ Blasmusikverband die bronzene Dirigentennadel verliehen.</p>
<p><strong>1996</strong> übergab Obmann Herbert Apfelthaler die Führung des Vereins an Franz Kitzler und Obmannstellvertreter Franz Lechner jun. und Kassier Reinhard Dingl.</p>
<p><strong>1999</strong> war dann die Funktionärstätigkeit von Herrn Kitzler Franz beendet und ein neuer Obmann musste gefunden werden. Nach langem überlegen konnte man Michael Rückenbaum dazu bewegen, die Führung der Trachtenkapelle zu übernehmen. Mit ihm übernahm Adolf Donabaum jun. die Tätigkeit des Obmannstellvertreters.</p>
<p>In diesem Jahr feierte die Trachtenkapelle ihr 30jähriges Bestehen, welches im Mai mit einem vielumjubelten Jubiläumskonzert als ersten Höhepunkt begangen wurde. Bei diesem Konzert wurde Herbert Apfelthaler zum Ehrenobmann und Karl Lechner und Franz Schachinger zu Ehrenmusikern der TK Gedersdorf ernannt. Im September fand das eigentliche Jubiläumsfest mit einer Marschmusikbewertung statt. Dabei konnte der Verein im Heimatort einen Ausgezeichneten Erfolg erzielen.</p>

<p>1991 Übernahm Thomas Neureuter das Amt des Kapellmeisters von seinem Bruder Karl, der sich nun auf die Funktion des Stabführers konzentrierte. 1992 gewähren Herr Bürgermeister Hauser und sein Gemeinderat eine Subvention für [&hellip;]</p>
