{"id":31,"date":"2018-03-30T11:32:39","date_gmt":"2018-03-30T11:32:39","guid":{"rendered":"https:\/\/tk-gedersdorf.at\/?page_id=31"},"modified":"2026-02-10T18:48:54","modified_gmt":"2026-02-10T18:48:54","slug":"musiker","status":"publish","type":"page","link":"https:\/\/tk-gedersdorf.at\/index.php\/musiker\/","title":{"rendered":"Vorstand"},"content":{"rendered":"<p><img loading=\"lazy\" decoding=\"async\" class=\"alignnone  wp-image-784\" src=\"https:\/\/tk-gedersdorf.at\/wp-content\/uploads\/2021\/08\/Vorstand_TKG-min2-300x200.jpg\" alt=\"\" width=\"594\" height=\"396\" srcset=\"https:\/\/tk-gedersdorf.at\/wp-content\/uploads\/2021\/08\/Vorstand_TKG-min2-300x200.jpg 300w, https:\/\/tk-gedersdorf.at\/wp-content\/uploads\/2021\/08\/Vorstand_TKG-min2-768x512.jpg 768w, https:\/\/tk-gedersdorf.at\/wp-content\/uploads\/2021\/08\/Vorstand_TKG-min2-1024x683.jpg 1024w\" sizes=\"auto, (max-width: 594px) 100vw, 594px\" \/><\/p>\n<p>&nbsp;<\/p>\n<p>Obmann: Andreas Scheibelberger<br \/>\nObmannStv: Sandra L\u00f6ffler<br \/>\nKapellmeister: Roland B\u00e4uerl<br \/>\nKassier: Paul Dingl<br \/>\nKassierStv: Tina L\u00f6ffler<br \/>\nSchriftf\u00fchrerin: Dominik Dingl<br \/>\nSchriftf\u00fchrerStv: Susanne B\u00e4uerl<br \/>\nJugendreferentin: Sandra L\u00f6ffler<\/p>\n<p>erweiterter Vorstand<\/p>\n<p>Notenarchivarin: Verena Kamleithner<br \/>\nNotenarchivarinStv: Patricia Dingl<br \/>\nPressereferent: Birgit Freitag&nbsp;<br \/>\nTrachtenwartin: Andrea Kloner<\/p>\n","protected":false},"excerpt":{"rendered":"<p>&nbsp; Obmann: Andreas Scheibelberger ObmannStv: Sandra L\u00f6ffler Kapellmeister: Roland B\u00e4uerl Kassier: Paul Dingl KassierStv: Tina L\u00f6ffler Schriftf\u00fchrerin: Dominik Dingl Schriftf\u00fchrerStv: Susanne B\u00e4uerl Jugendreferentin: Sandra L\u00f6ffler erweiterter Vorstand Notenarchivarin: Verena Kamleithner [&hellip;]<\/p>\n","protected":false},"author":1,"featured_media":0,"parent":0,"menu_order":0,"comment_status":"closed","ping_status":"closed","template":"","meta":{"ngg_post_thumbnail":0,"footnotes":""},"class_list":["post-31","page","type-page","status-publish","hentry"],"_links":{"self":[{"href":"https:\/\/tk-gedersdorf.at\/index.php\/wp-json\/wp\/v2\/pages\/31","targetHints":{"allow":["GET"]}}],"collection":[{"href":"https:\/\/tk-gedersdorf.at\/index.php\/wp-json\/wp\/v2\/pages"}],"about":[{"href":"https:\/\/tk-gedersdorf.at\/index.php\/wp-json\/wp\/v2\/types\/page"}],"author":[{"embeddable":true,"href":"https:\/\/tk-gedersdorf.at\/index.php\/wp-json\/wp\/v2\/users\/1"}],"replies":[{"embeddable":true,"href":"https:\/\/tk-gedersdorf.at\/index.php\/wp-json\/wp\/v2\/comments?post=31"}],"version-history":[{"count":11,"href":"https:\/\/tk-gedersdorf.at\/index.php\/wp-json\/wp\/v2\/pages\/31\/revisions"}],"predecessor-version":[{"id":2105,"href":"https:\/\/tk-gedersdorf.at\/index.php\/wp-json\/wp\/v2\/pages\/31\/revisions\/2105"}],"wp:attachment":[{"href":"https:\/\/tk-gedersdorf.at\/index.php\/wp-json\/wp\/v2\/media?parent=31"}],"curies":[{"name":"wp","href":"https:\/\/api.w.org\/{rel}","templated":true}]}}