{"id":2109,"date":"2026-03-05T02:44:31","date_gmt":"2026-03-05T02:44:31","guid":{"rendered":"https:\/\/tk-gedersdorf.at\/?post_type=tribe_events&#038;p=2109"},"modified":"2026-03-05T02:44:31","modified_gmt":"2026-03-05T02:44:31","slug":"fruehlingskonzert-2","status":"publish","type":"tribe_events","link":"https:\/\/tk-gedersdorf.at\/index.php\/event\/fruehlingskonzert-2\/","title":{"rendered":"Fr\u00fchlingskonzert"},"content":{"rendered":"<p>Wir laden euch herzlich zu unserem Fr\u00fchlingskonzert unter dem Motto &#8222;So sch\u00f6n ist Blasmusik&#8220; ein.<\/p>\n","protected":false},"excerpt":{"rendered":"<p>Wir laden euch herzlich zu unserem Fr\u00fchlingskonzert unter dem Motto &#8222;So sch\u00f6n ist Blasmusik&#8220; ein.<\/p>\n","protected":false},"author":4,"featured_media":0,"template":"","meta":{"ngg_post_thumbnail":0,"_tribe_events_status":"","_tribe_events_status_reason":"","footnotes":""},"tags":[],"tribe_events_cat":[],"class_list":["post-2109","tribe_events","type-tribe_events","status-publish","hentry"],"_links":{"self":[{"href":"https:\/\/tk-gedersdorf.at\/index.php\/wp-json\/wp\/v2\/tribe_events\/2109","targetHints":{"allow":["GET"]}}],"collection":[{"href":"https:\/\/tk-gedersdorf.at\/index.php\/wp-json\/wp\/v2\/tribe_events"}],"about":[{"href":"https:\/\/tk-gedersdorf.at\/index.php\/wp-json\/wp\/v2\/types\/tribe_events"}],"author":[{"embeddable":true,"href":"https:\/\/tk-gedersdorf.at\/index.php\/wp-json\/wp\/v2\/users\/4"}],"version-history":[{"count":1,"href":"https:\/\/tk-gedersdorf.at\/index.php\/wp-json\/wp\/v2\/tribe_events\/2109\/revisions"}],"predecessor-version":[{"id":2110,"href":"https:\/\/tk-gedersdorf.at\/index.php\/wp-json\/wp\/v2\/tribe_events\/2109\/revisions\/2110"}],"wp:attachment":[{"href":"https:\/\/tk-gedersdorf.at\/index.php\/wp-json\/wp\/v2\/media?parent=2109"}],"wp:term":[{"taxonomy":"post_tag","embeddable":true,"href":"https:\/\/tk-gedersdorf.at\/index.php\/wp-json\/wp\/v2\/tags?post=2109"},{"taxonomy":"tribe_events_cat","embeddable":true,"href":"https:\/\/tk-gedersdorf.at\/index.php\/wp-json\/wp\/v2\/tribe_events_cat?post=2109"}],"curies":[{"name":"wp","href":"https:\/\/api.w.org\/{rel}","templated":true}]}}

Frühlingskonzert

<p>Wir laden euch herzlich zu unserem Frühlingskonzert unter dem Motto &#8222;So schön ist Blasmusik&#8220; ein.</p>
